 6291 and 513?
27
Calculate the greatest common divisor of 560 and 794864.
112
Calculate the highest common factor of 897 and 2829.
69
Calculate the highest common factor of 35724 and 21297.
687
What is the highest common divisor of 69 and 243?
3
What is the highest common factor of 988 and 1664?
52
What is the highest common factor of 1156 and 62203?
17
Calculate the greatest common divisor of 3895 and 51965.
95
What is the greatest common divisor of 1284 and 27178?
214
What is the highest common factor of 232245 and 260?
65
What is the greatest common factor of 768 and 33546?
6
What is the greatest common factor of 99470 and 8771?
49
Calculate the highest common divisor of 47 and 309119.
47
Calculate the highest common divisor of 2300 and 5543.
23
What is the highest common divisor of 322 and 3318?
14
Calculate the highest common factor of 561464 and 80.
8
What is the greatest common factor of 369760 and 160?
160
What is the highest common divisor of 117395 and 530?
265
What is the highest common divisor of 20580 and 18900?
420
Calculate the greatest common divisor of 15184 and 57616.
208
What is the greatest common divisor of 29 and 77807?
29
Calculate the highest common factor of 119 and 1743707.
119
What is the greatest common factor of 807 and 912179?
269
Calculate the greatest common factor of 5015 and 1445.
85
Calculate the greatest common divisor of 31565 and 1829.
59
Calculate the highest common divisor of 990 and 120879.
99
What is the greatest common divisor of 11854 and 26?
2
Calculate the greatest common factor of 26725 and 75.
25
Calculate the greatest common divisor of 95127 and 222.
111
Calculate the greatest common divisor of 602900 and 700.
100
What is the highest common factor of 313984 and 96?
32
Calculate the greatest common factor of 1827 and 3044391.
609
What is the greatest common divisor of 10963 and 5510?
19
Calculate the highest common factor of 126 and 130872.
42
What is the highest common divisor of 701 and 689083?
701
What is the highest common divisor of 412 and 457938?
206
Calculate the greatest common divisor of 12 and 5554812.
12
Calculate the highest common divisor of 19019 and 1754753.
1001
Calculate the greatest common divisor of 340 and 130968.
68
What is the greatest common factor of 24 and 1051240?
8
Calculate the highest common factor of 226914 and 354.
354
What is the highest common factor of 96 and 304368?
48
Calculate the greatest common divisor of 69135 and 627.
33
Calculate the greatest common factor of 3710 and 4558.
106
What is the greatest common divisor of 410 and 19065?
205
What is the highest common divisor of 6 and 1244962?
2
What is the highest common factor of 162 and 31266?
162
Calculate the greatest common factor of 13 and 267319.
13
Calculate the highest common factor of 1107 and 94833.
369
What is the highest common divisor of 12977 and 437?
19
Calculate the greatest common factor of 1148 and 259981.
41
Calculate the highest common factor of 312 and 10218.
78
What is the highest common divisor of 30250 and 661870?
1210
What is the highest common divisor of 1477824 and 9632?
1376
What is the highest common divisor of 344 and 47171?
43
Calculate the highest common factor of 14904 and 3151.
23
What is the greatest common divisor of 2337 and 166050?
123
What is the greatest common factor of 56487 and 38?
19
Calculate the greatest common divisor of 1668 and 7752.
12
Calculate the highest common divisor of 14140 and 560.
140
Calculate the highest common factor of 162353 and 1611.
179
What is the highest common divisor of 57554 and 56?
14
What is the highest common divisor of 10353 and 49623?
357
Calculate the highest common divisor of 5593 and 7.
7
Calculate the greatest common factor of 364582 and 374.
34
What is the greatest common divisor of 69 and 8763?
69
Calculate the highest common factor of 31613 and 17473.
101
What is the greatest common factor of 10991248 and 34?
34
What is the greatest common factor of 14053 and 1781?
13
Calculate the highest common divisor of 126 and 3206.
14
What is the greatest common divisor of 68100 and 888?
12
Calculate the highest common divisor of 1764 and 290808.
252
What is the highest common factor of 732 and 63804?
12
Calculate the highest common factor of 1356 and 16837.
113
What is the greatest common divisor of 9405 and 4640427?
1881
What is the highest common divisor of 171 and 108908?
19
Calculate the highest common divisor of 126 and 6769.
7
Calculate the highest common factor of 11385 and 4945.
115
What is the greatest common factor of 1149 and 39?
3
What is the highest common divisor of 50 and 50208?
2
Calculate the highest common divisor of 81 and 2293029.
81
What is the greatest common factor of 289826 and 174?
58
Calculate the greatest common factor of 246 and 232306.
82
What is the highest common divisor of 78685 and 35?
5
What is the greatest common divisor of 2910 and 480?
30
What is the highest common divisor of 17975 and 2157?
719
What is the highest common factor of 10 and 3345?
5
What is the greatest common factor of 29275 and 625?
25
Calculate the greatest common factor of 516 and 119583.
129
Calculate the highest common factor of 214442 and 10782.
1198
What is the highest common divisor of 14 and 1169?
7
Calculate the greatest common divisor of 937320 and 75.
15
What is the highest common factor of 116075 and 2025?
25
What is the highest common divisor of 137673 and 54?
27
Calculate the greatest common divisor of 2632 and 89159.
329
What is the greatest common factor of 10545285 and 7335?
2445
What is the highest common divisor of 620 and 1030?
10
What is the greatest common factor of 477 and 58353?
159
What is the greatest common factor of 391 and 11866?
17
What is the highest common divisor of 42398 and 46342?
986
Calculate the highest common divisor of 9898 and 5824.
14
Calculate the greatest common divisor of 245 and 353535.
245
What is the highest common divisor of 109815 and 435?
15
What is the greatest common divisor of 928 and 21692?
116
What is the greatest common divisor of 23 and 49013?
23
What is the highest common divisor of 143 and 2655224?
143
Calculate the greatest common factor of 16 and 17606.
2
Calculate the highest common divisor of 96 and 1503816.
24
Calculate the greatest common factor of 370764 and 270.
54
Calculate the greatest common divisor of 880 and 56804.
44
What is the highest common divisor of 91 and 23695?
7
Calculate the highest common divisor of 84 and 55308.
12
What is the greatest common factor of 132 and 3520?
44
What is the greatest common divisor of 1843 and 475?
19
Calculate the highest common factor of 144 and 18896.
16
Calculate the highest common factor of 279 and 596750.
31
Calculate the highest common factor of 41 and 106682.
41
Calculate the greatest common factor of 120 and 60360.
120
What is the greatest common divisor of 276 and 645564?
276
Calculate the greatest common divisor of 90 and 917505.
45
What is the greatest common divisor of 4732 and 14612?
52
Calculate the greatest common factor of 52383 and 456.
57
What is the highest common factor of 8730 and 170010?
90
Calculate the greatest common divisor of 4251 and 6758.
109
What is the highest common factor of 6 and 88422?
6
Calculate the highest common divisor of 285 and 441085.
95
What is the highest common divisor of 350 and 109375?
175
What is the highest common factor of 61827 and 111?
111
What is the highest common factor of 34 and 88842?
34
Calculate the greatest common divisor of 4332 and 89148.
228
What is the highest common divisor of 14938 and 85166?
194
Calculate the greatest common factor of 13833 and 1809.
9
What is the highest common divisor of 108 and 15831?
9
What is the greatest common factor of 16867 and 1169?
167
What is the greatest common factor of 244789 and 41354?
667
Calculate the highest common divisor of 3252 and 744.
12
What is the greatest common divisor of 624 and 50192?
16
What is the highest common factor of 54198 and 36?
18
Calculate the highest common divisor of 509 and 8193373.
509
Calculate the highest common divisor of 376 and 2548904.
376
Calculate the greatest common divisor of 295736 and 280.
56
What is the highest common divisor of 162943 and 11?
11
What is the greatest common divisor 